{"id":457,"date":"2017-03-29T15:50:39","date_gmt":"2017-03-29T14:50:39","guid":{"rendered":"http:\/\/www.etiennebisch.com\/blog\/?page_id=457"},"modified":"2019-10-24T15:02:07","modified_gmt":"2019-10-24T14:02:07","slug":"expos","status":"publish","type":"page","link":"https:\/\/www.etiennebisch.com\/blog\/expos\/","title":{"rendered":"Expos"},"content":{"rendered":"<p>Ma premi\u00e8re exposition se d\u00e9roula dans la vielle ville de Montr\u00e9al, dans un endroit qui servait de cabinet d\u2019avocat et de show-room. J\u2019y suis rest\u00e9 un mois, j\u2019ai c\u00f4toy\u00e9 mes premiers galeristes, clients et surtout coll\u00e8gues artistes. J\u2019ai pu me construire en \u00e9tant entour\u00e9 de gens tr\u00e8s sympas et int\u00e9ressants.<\/p>\n<p>J\u2019ai beaucoup expos\u00e9 \u00e0 Bordeaux, dans des showrooms, des concepts stores, certaines boutiques, et \u00e0 la galerie COX.<\/p>\n<p>Patrick Timsit nous a invit\u00e9, mes \u0153uvres et moi sur le plateau d\u2019une \u00e9mission de grande audience sur France 3.<\/p>\n<p>J\u2019ai eu un agent parisien qui m\u2019a pris dans sa galerie, puis m\u2019a plac\u00e9 dans celle des autres, jusqu\u2019\u00e0 notre derni\u00e8re expo \u00e0 la galerie 2 Art Angels \u00e0 St Germain\u2026<\/p>\n<p>J\u2019ai aussi expos\u00e9 en Belgique et \u00e0 Singapour..<\/p>\n<p>J\u2019ai offert des \u0153uvres pour des ventes aux ench\u00e8res caritatives, pour un h\u00f4pital de Bordeaux ou encore avec \u00ab\u00a0Mission enfance\u00a0\u00bb. Une association mon\u00e9gasque qui m\u2019a permis de rencontrer Didier, qui est devenu l\u2019un de mes galeristes.<\/p>\n<p>A Strasbourg aussi, ville d&rsquo;enfance de mon p\u00e8re, qui m&rsquo;a permis de retrouver et de d\u00e9couvrir famille et amis.<\/p>\n","protected":false},"excerpt":{"rendered":"<p>Ma premi\u00e8re exposition se d\u00e9roula dans la vielle ville de Montr\u00e9al, dans un endroit qui servait de cabinet d\u2019avocat et de show-room. J\u2019y suis rest\u00e9 un mois, j\u2019ai c\u00f4toy\u00e9 mes premiers galeristes, clients et surtout coll\u00e8gues artistes. J\u2019ai pu me construire en \u00e9tant entour\u00e9 de gens tr\u00e8s sympas et int\u00e9ressants. J\u2019ai beaucoup expos\u00e9 \u00e0 Bordeaux, [&hellip;]<\/p>\n","protected":false},"author":3,"featured_media":0,"parent":0,"menu_order":0,"comment_status":"closed","ping_status":"closed","template":"","meta":{"footnotes":""},"class_list":["post-457","page","type-page","status-publish","hentry"],"_links":{"self":[{"href":"https:\/\/www.etiennebisch.com\/blog\/wp-json\/wp\/v2\/pages\/457"}],"collection":[{"href":"https:\/\/www.etiennebisch.com\/blog\/wp-json\/wp\/v2\/pages"}],"about":[{"href":"https:\/\/www.etiennebisch.com\/blog\/wp-json\/wp\/v2\/types\/page"}],"author":[{"embeddable":true,"href":"https:\/\/www.etiennebisch.com\/blog\/wp-json\/wp\/v2\/users\/3"}],"replies":[{"embeddable":true,"href":"https:\/\/www.etiennebisch.com\/blog\/wp-json\/wp\/v2\/comments?post=457"}],"version-history":[{"count":5,"href":"https:\/\/www.etiennebisch.com\/blog\/wp-json\/wp\/v2\/pages\/457\/revisions"}],"predecessor-version":[{"id":646,"href":"https:\/\/www.etiennebisch.com\/blog\/wp-json\/wp\/v2\/pages\/457\/revisions\/646"}],"wp:attachment":[{"href":"https:\/\/www.etiennebisch.com\/blog\/wp-json\/wp\/v2\/media?parent=457"}],"curies":[{"name":"wp","href":"https:\/\/api.w.org\/{rel}","templated":true}]}}